-17
What is (87 + -45 - 98) + 101?
45
0 + -40 - (-97 + -8 - -83)
-18
-155 + -19 + 82 + -2 + 12
-82
What is (7 + -32 - -50) + (-9 - 1)?
15
What is -1 - 32 - (14 - (-10 + 28) - 10)?
-19
What is 12 + -40 - -66 - 80?
-42
58 + (-150 - -37) + 150
95
63 + -47 + -27 - 28
-39
-135 + -2 - (309 - 130 - 207)
-109
-38 + (3 - 7) - (-11 + -16 + -6 + 19)
-28
What is the value of 3 + 27 + 1905 + -2013?
-78
What is -49 - (26 + 31 + -26) - -23?
-57
What is the value of (-503 - -512) + -4 + 31?
36
2 - (10 + (15 - 67))
44
Calculate -15 + 24 + (-81 - -21).
-51
Calculate 19 + 29 + -38 + 44 + -8.
46
What is (1 - 7) + (-55 - -74) - -22?
35
What is 16 + -13 + 29 + -28 - (-3 + 45)?
-38
Calculate -18 - (-8 - 26) - 9 - 102.
-95
Evaluate (11 - 1) + 92 + (-27 - 34).
41
What is the value of -4 - (0 + 1 + (-17 + -5 - 13))?
30
What is 66 + -1 - (-5 - (8 - 18)) - (168 + -173)?
65
What is the value of 42 - (-8 + -19 + 1)?
68
What is -121 - (102 - (225 - 12))?
-10
Evaluate 19 + 50 + -32 - (145 + 6).
-114
15 + -4 + -25 - (-20 - 3) - -3
12
Calculate (-219 - -161) + 32 + -13.
-39
Calculate 5 - 9 - ((16 - 0) + -8 + 13).
-25
Calculate 26 - (5 + -6 + 25 + -30 - -21).
11
Calculate 34 + (12 - 13) - 16 - (10 + 3 + -3).
7
What is the value of (16 - (-3 - 1 - -15)) + 15 + 0?
20
Evaluate -6 - 8 - (-24 - -46) - 43.
-79
Calculate 32 - 15 - (-1 + 62 + 3).
-47
Calculate (-119 - -61) + -8 + 56 + 0 + -1 + 56.
45
What is the value of 28 - (8 - (-20 - 9))?
-9
-98 - (-101 - (-3 + 1))
1
What is 205 - 218 - (6 - 58)?
39
What is (-170 + 170 - 36) + (188 - -3)?
155
Calculate (-4 - (0 + (19 - (12 - 4)) + -4)) + 2.
-9
What is the value of (38 - 2) + (18 - 47)?
7
Calculate -18 + 95 - (42 + -21 + -4).
60
Calculate -76 - (45 + -90) - ((0 - 7 - -1) + 4).
-29
What is 27 - ((14 - -6) + 11 + -73)?
69
Evaluate (74 - 61) + -1 + -17 + 39.
34
Evaluate -69 + (67 - (27 + -88)).
59
Calculate 5 + (30 - -11) + 0 + 6 + -2.
50
What is the value of 11 + (28 - (-62 - -55))?
46
Calculate -25 + 80 + -106 + 55.
4
Evaluate -66 - 4 - (42 + -49 - (-2 + 9)).
-56
Calculate 14 - (63 - 49 - (-47 - -5)).
-42
What is 105 + (55 + -91 - 59)?
10
What is the value of -5 + (316 - 304) + 0 + -1?
6
Evaluate 0 + 21 + -12 + -29 + 3.
-17
Evaluate (-24 - 8) + (4 - 9).
-37
What is 34 - (26 - (-9 + -19 + 45))?
25
Evaluate 9 + 1 - (5 - (-2 + 8 + -1 - 12)).
-2
What is the value of -20 + 45 + -16 - (10 + -5 + -57)?
61
What is -99 + -3 - ((0 - 5) + (38 - -9) + -31)?
-113
141 + -125 + 7 + -9 + 15
29
What is the value of 3929 + -3939 - (64 + 5 + 3 + -3 + -2)?
-77
(-57 - (-8 + -24)) + (29 - 8)
-4
What is (-23 - (-26 + 16)) + (6 - -9) + -53?
-51
2 + -2 + (-145 - -128) - 50
-67
-1 + -42 - 0 - (2 - (43 - 70) - 34)
-38
What is the value of 46 - (162 - 112) - (17 - (1 + -3))?
-23
Evaluate -1 - -1 - -2 - -52 - ((131 - 114) + -17).
54
What is the value of (-1 - (43 + -46 + -2 + -4 + 7)) + -111?
-110
(14 - (-6 + 10) - 16) + -20 + (24 - 12)
-14
Calculate -4761 + 4631 + (1 - -84).
-45
5 + 55 - (-7 - (-7 - 14) - 1)
47
What is the value of (-12 - 1) + (238 - 181) + (5 - 0)?
49
What is (10 - 18) + (-4 - 13) + 17?
-8
What is the value of -43 + 2 + -2 + (-69 - -51 - -31)?
-30
12 - -7 - (-5 + (7 - 5 - 0))
22
What is the value of 42 - 4 - (-363 + 385) - (2 - 8 - -2)?
20
Evaluate (124 - 105) + (-15 - -17).
21
Evaluate -7 - (-23 - (-21 - (-36 + 58))).
-27
Evaluate -19 + -3 + (83 - 3) - -15.
73
Evaluate -14 + -37 + (6 - -9) - -25 - (-58 + 1).
46
-320 + 289 + (60 - -81)
110
What is the value of (41 - 2) + (4028 - 4019)?
48
What is -27 + 0 + (0 - 18 - (-73 - -23 - -22))?
-17
17 - (85 + -2 - ((-47 - -28) + 16))
-69
What is the value of 48 - (24 + (72 - 8))?
-40
What is the value of 6 + -3 + -1 + 78 - (91 + -79 + -1)?
69
What is 10 - (1 - ((-8 - 2) + (-15 - (-1 + -15))))?
0
Calculate 0 + 2 + 0 + 35 - (1 + -10).
46
What is (27 - 16) + -30 + (8 + -7 - -5)?
-13
Calculate -1345 + 1341 + 53 + (7 - 4).
52
What is the value of -9 - (-36 + 13) - (-24 - -63)?
-25
Calculate 51 - (37 + (51 - 50)).
13
What is the value of 1 + -12 + (-45 + 117 - 91)?
-30
Calculate (-24 - -2) + 3 + (15 - -17 - 30) + 7.
-10
Calculate -12 + (-10 - (22 + (-6 - -7))).
-45
What is the value of 8 + -9 - (19 + -4) - ((-1 - -14) + -7)?
-22
What is -128 + 168 + -101 - 81?
-142
Calculate -7 - (9 - (3 - -5)) - -37.
29
Calculate -17 - -51 - ((16 - 14) + -11).
43
Calculate (-24 - (31 + -48)) + (10 - 0) - -1.
4
Calculate -12 + -1 + -12 + 37 + 12.
24
What is the value of (-78 - -81) + 29 + -83?
-51
(-2 - -5 - (19 - (1 + 25))) + 28
38
What is the value of 16 + (-6 + -2 - (39 - 38)) + 19?
26
Evaluate -26 - -5 - (-9 - -4) - -61.
45
What is the value of (-2 + -45 - (125 - 145)) + -13?
-40
Evaluate (5 - -138) + 130 + -138.
135
What is -12 + (3 - -26) + -11 - (5 - -1)?
0
What is 4 + (-6 - -13) + -39 + 0?
-28
481 + -483 + (58 + 2 + 0 - -3)
61
What is 11 - (60 - (36 + -30))?
-43
What is the value of (63 - (5 - (14 - (14 - -4)))) + 8?
62
What is the value of -40 - (-13 + 25 + -33)?
-19
What is the value of (-4 - (35 + 18)) + 24 - -9?
-24
What is the value of (-282 + 281 - (3 + 0)) + (0 - 3) - 7?
-14
Evaluate (-19 - -6 - -14) + 9 - -26.
36
What is (3298 - 3186) + -104 + -1?
7
Evaluate -4 + (1 - -62) + (-1 - (14 - -13)) + 20.
51
Calculate 0 + -3 + (-1 - 2) + (405 - 431).
-32
What is the value of (-3 - -1) + (-21 - (-2 + -6)) + 75 + -127?
-67
-4 + -3 + -3 - (-167 + 147)
10
Evaluate (-13 + 2 + -5 + (13 - 6) - 0) + -2.
-11
What is the value of -5 - -20 - 28 - -29?
16
Evaluate 0 - 7 - (-17 + (-66 - -79) + -23 + 4).
16
-11 + 0 - (-16937 - -16935)
-9
What is the value of (47 + -233 + 25 - -29) + 29?
-103
Calculate (-37 + -43 - -40) + 35.
-5
Calculate 995 + -981 + 0 + 40.
54
Evaluate -76 + (-6 - -10) - (85 + -69).
-88
Evaluate (2030 - 2029) + 80 + -4.
77
1 + 1 + 8 + -3 - (-38 + 42 - 4)
7
What is 17 + -6 + (4 - (6 - 37 - 0))?
46
What is (5 + -1 + 2 - (-14 - -62)) + (2 - 14)?
-54
Evaluate 19 + (13 - -9 - (-58 - 16)) + 18.
133
(-14 - (14 - -5 - 19)) + 33 - 62
-43
Evaluate -2 - 3 - (-4 + (0 - 17)).
16
What is the value of 3 + -37 + 10 + 3 + -7 + (17 - 28)?
-39
What is the value of -1 - 89 - (50 - 4 - (43 - -18))?
-75
Calculate (48 - (59 + -40)) + (-3 - -10).
36
Calculate (5 - (4 + 3)) + (47 - (-28 + 51)).
22
Calculate (-18 + 0 - (-115 + 81)) + -6 + -1 + -39.
-30
Calculate (37 - 0) + (20041 - 20139).
-61
Evaluate (-10 + 14 + -10 - 36) + (-8 - -5).
-45
Calculate 1 - (-30 + (21 - 35 - (-1 - 5))).
39
Calculate (659 - 579) + (8 - 5 - 2).
81
What is the value of 9 + 24 + 15 + -44?
4
What is the value of (-195 - (-178 - -70)) + 37?
-50
Calculate 78 - (10 + (-14 - -9 - -4)) - (15 + -10).
64
What is -92 + (-12 - (10 + -10) - (-18 + 1) - 15)?
-102
What is the value of (-386 - -373) + 3 + 2 - 82?
-90
Evaluate (49 - 14 - 16) + -2.
17
97 - 85 - (2 - 12) - (-9 + 4)
27
What is (1 - -5) + 3 + (23 - (13 + (11 - 34)))?
42
What is -13 - (44 - (-8 + 14)) - (7 + 0)?
-58
Calculate 120 - (40 + 117 + -79).
42
What is the value of 1 + -3 - (8 + (41 + -36 - (-12 + -9)))?
-36
Evaluate -1 + -109 - (37 - 36) - (19 + (-20 - 8)).
-102
Calculate -11 + -9 + (47 - (29 - 19)).
17
Evaluate (49 - (3 + 2 + -8 + 5)) + -7.
40
3 + 1 - 58 - ((20 + -14 - -2) + -9)
-53
21 - 11 - ((39 - 99) + 1 + 11)
58
What is 50 + (-11 - -2 - (-31 + 32 - -8 - 13))?
45
Calculate -84 + 5 - (-792 - -738).
-25
Calculate -10 + (8 - -4 - (22 + 4 - 17)) - -50.
43
Evaluate 9108 + -9075 - ((-2 - -2) + -28).
61
What is the value of 171 - (-30 + 0 - (-220 + 145))?
126
Calculate 23 - (-3 - -1) - (-283 + (225 - -149)).
-66
-62 - -70 - ((-4 - (1 + 0 - -4)) + 5)
12
2 - ((1 - 38) + 2) - (-72 - -20 - -42)
47
Evaluate -5 + (-2 - (9 - 6)).
-10
What is the value of (-38 - (64 + -109)) + -9 + 1 - 42?
-43
What is -107 + 111 + -11 - (0 - -3 - 2)?
-8
Calculate 491 + -462 + (2 - 34).
-3
What is the value of 62 - ((-113 - -226) + 2)?
-53
What is the value of 3 + (18 - 27 - (7 - 17)) + (6 - -38)?
48
Calculate 2 + (-1 - 53) + (298 - 301) - -13.
-42
What is 156 - (7 + 1 - (57 - 74) - 12)?
143
What is 44 - (0 + -56 + 38 + 25)?
37
What is the value of -2 + (8 - 0) - (-47 + (62 - 35))?
26
What is the value of 23 - 28 - -38 - ((-4 - -7) + 7)?
23
27 - (124 + (-18 - 80))
1
Calculate -94 + 11 + 7 + 1 + (-21 - (2 + -12)).
-86
What is the value of 0 - -4 - (31 + 4) - (-47 - -47)?
-31
Calculate -7413 - -7526 - (0 + 47).
66
What is the valu